. What is the greatest common divisor of s and 20?
20
Let h = 173 - 110. Calculate the highest common factor of h and 9.
9
Suppose 4*g = 14 + 50. Suppose 0 = -5*s - 0*s + 1150. Let f = -86 + s. What is the highest common divisor of g and f?
16
Let n = 17 - -30. Suppose -1 = -4*o + n. Suppose 2*k + 24 = 4*k. What is the highest common factor of k and o?
12
Let y = 1 - -2. Let m(f) = -f**3 - 7*f**2 - f + 5. Let p = 11 + -18. Let b be m(p). Calculate the greatest common divisor of b and y.
3
Suppose -144 = -9*w + 6*w. Suppose -4*z = -z - 96. What is the greatest common divisor of z and w?
16
Let k(x) = 2*x**2 - 8*x + 6. Let z be k(8). Let v be (-22)/((-7)/(z/4)). Calculate the greatest common factor of 22 and v.
11
Let q(c) = c**3 - 2*c**2 - 3*c + 3. Let z be q(3). Let g be (-84)/8*(-2)/z. Let f = 18 + -4. What is the highest common divisor of f and g?
7
Suppose 4*k - 18 - 30 = 0. What is the greatest common divisor of k and 8?
4
Let h be -1*(5 - (330 + 4)). Calculate the greatest common divisor of 47 and h.
47
Let r = -4 - -6. What is the highest common factor of 14 and r?
2
Let f(a) = -a**2 + 6*a - 1. Let h be f(5). Suppose -5*s - h*w = w - 265, s - 56 = 2*w. What is the highest common divisor of s and 6?
6
Let m = 332 - 179. Suppose n + z - 5*z = -14, -4*n - 2*z = -16. Suppose -5*c + n*v = -89, -c + 2*c - v = 19. Calculate the highest common factor of m and c.
17
Let t = -29 + 59. Suppose b - 4*d - 23 = -2, -5*b - d + 21 = 0. Calculate the greatest common divisor of b and t.
5
Let o be 0 - -2*10*1. Suppose 3*a - 8 = 10. Suppose -y + 4*k + 12 = 0, -4*y + a = -y + 3*k. Calculate the greatest common factor of y and o.
4
Suppose 2*l - 5*d + 18 = -3, -5*d = -l - 23. Suppose -1 = l*x - 25. Let k = -107 + 215. What is the highest common factor of x and k?
12
Let x(m) = 0*m + 0*m - 4 + 93*m**2 + 3. Let f be x(1). Calculate the greatest common factor of 23 and f.
23
Suppose 2*c - 3*c = -13. Suppose -c = -5*b + 22. What is the greatest common divisor of 56 and b?
7
Let z = 29 - 15. Suppose 0 = -x + t + 2, 2*t = -5*x + z + 3. Suppose -k + x*k - 4 = 0. Calculate the greatest common divisor of k and 16.
2
Let h(s) = -s + 2. Let l be h(-3). Suppose 0 = 5*u + l, 6*u + 134 = 2*d + 2*u. Calculate the greatest common factor of 13 and d.
13
Let a = -321 + 329. Let k = 4 - 6. Let y be (-4 + 3)/(k/4). What is the greatest common divisor of y and a?
2
Suppose 0 = -0*a - 2*a + 2*j + 30, -12 = 4*j. What is the highest common divisor of 20 and a?
4
Let o(i) = -i**2 - 6*i + 3. Let z(x) = x**2 - x + 1. Let t(y) = -o(y) + 3*z(y). Let l be t(-2). What is the greatest common factor of 15 and l?
5
Let x = -5 + 10. Suppose m = -4*c - 4*m + 13, -x*c - m = -32. What is the highest common divisor of c and 7?
7
Suppose -5*t + 173 = -4*h + 1151, -981 = 5*t - 3*h. Let x = 278 + t. Calculate the greatest common divisor of x and 10.
10
Let x(j) = 7*j - 10. Let a be x(3). Calculate the highest common divisor of 11 and a.
11
Let a = -173 + 199. What is the highest common factor of a and 52?
26
Suppose -r = o - 6, -3*r + 0*r + 5*o + 18 = 0. What is the highest common divisor of r and 2?
2
Suppose -z + 2*q = -24, -29 = -z + 5*q + 1. Suppose -4*b - 2*x = -154, 3*x - z = -4*b + 135. Let i = -23 + b. What is the greatest common factor of 3 and i?
3
Let f(x) = -2*x**2 + 2*x. Let z be f(2). Let n be (3/6)/((-1)/z). Calculate the highest common divisor of 4 and n.
2
Suppose -4*j = d - 10, d + j + 4 = 4*j. Suppose -2*p + 8 = -2. Calculate the greatest common factor of p and d.
1
Suppose 5*q - t = -2*t + 8, q = -t. Let h be (-2 + (-64)/(-10))*5. Calculate the highest common divisor of h and q.
2
Suppose y + 0*y = -83. Let p = -19 - y. Suppose -4*g - 24 = -3*l, 5*l - 52 + 12 = 5*g. What is the greatest common divisor of p and l?
8
Let m(v) = -v**3 + 3*v**2 + v - 4. Let x be m(3). Let f be (3 + -2 + -19)/x. Let q be 405/f*(-24)/(-10). What is the highest common divisor of q and 6?
6
Let u = 15 - -27. Calculate the highest common divisor of 42 and u.
42
Let u(z) = -z. Let p be u(4). Let o(r) = r**3 + 5*r**2 + 3*r - 2. Let g be o(p). What is the greatest common factor of 5 and g?
1
Let u = 192 - 303. Suppose 4*g + 2 + 10 = 0. Let v = g - u. Calculate the highest common factor of 12 and v.
12
Let n = 38 + -20. Let c(b) = 19*b**2 + b - 2. Let y be c(-2). Calculate the highest common divisor of n and y.
18
Let h = 8 + -21. Let x = h + 20. Calculate the highest common factor of 77 and x.
7
Suppose 0 = -2*d + 6. Suppose 0 = -d*u + u + 42. Calculate the greatest common factor of 189 and u.
21
Let b(z) = -z**2 - 11*z - 17. Let a be b(-8). Suppose 0 = -3*d + a*d - 420. What is the greatest common divisor of 15 and d?
15
Suppose 3*z - z - 670 = -5*b, 15 = -3*z. What is the greatest common divisor of 17 and b?
17
Let o(f) = 5*f**3 - 2*f**2 - f + 2. Let c be o(1). Calculate the greatest common factor of 18 and c.
2
Suppose -3 = 15*c - 16*c. What is the greatest common factor of 3 and c?
3
Suppose 3*x - 5*l = 74, 2*x - 3*l = l + 52. Let w be 310/6 + 2/(-3). Let z = -15 + w. What is the greatest common divisor of z and x?
18
Let f be (-1*2)/((-6)/141). Calculate the greatest common divisor of f and 141.
47
Let y(v) = v**2 - 2*v - 8. Let a be y(8). Calculate the greatest common factor of a and 5.
5
Suppose -4*p + 10 = 2. What is the highest common factor of p and 2?
2
Suppose 5*a = -n - 288, -5*n + 68 = -a - 0*a. Let k = -85 - a. Let y = k - -72. Calculate the greatest common divisor of y and 18.
9
Suppose 0 = n - 2*n. Suppose n = 2*l + 3*l - 100. Let g = l - 8. What is the greatest common factor of 12 and g?
12
Let s = -22 - -102. Let m be 1/(-1 - -2) - -9. Calculate the highest common factor of m and s.
10
Let d(f) = f**3 - 3*f**2 - f - 4. Let p be d(3). Let c = 5 - p. Let x be (-248)/(-14) - 2/(-7). Calculate the highest common factor of x and c.
6
Let x = -4 - -6. Let g be 230/(-5)*x/(-4). What is the highest common divisor of 115 and g?
23
Let c be 14/(-70) + 122/10. What is the highest common divisor of 3 and c?
3
Suppose 0 = -5*h - 4*n + 27 + 79, -2*h - 3*n + 41 = 0. What is the highest common factor of 33 and h?
11
Suppose -2*l = -211 + 11. Calculate the highest common divisor of 25 and l.
25
Suppose -3*c + 4 = 13. Let l be -55*((-51)/15 - c). What is the highest common divisor of 176 and l?
22
Let b be 0/1 + 1 + 3. Suppose -v - b*v + 25 = 2*i, -v - i + 5 = 0. Calculate the highest common factor of v and 5.
5
Let o be (2 + 14)*(-12)/(-24). Let j(b) = -40*b. Let p = 0 + -1. Let w be j(p). What is the highest common divisor of o and w?
8
Let o = -29 + 62. Calculate the greatest common divisor of 22 and o.
11
Suppose 0 = 4*r + 15*r - 1406. Calculate the greatest common divisor of r and 185.
37
Suppose 0 = 3*t - 614 - 49. Suppose -187 + 531 = 3*l + r, -r - t = -2*l. Let a = l - 53. What is the highest common divisor of 12 and a?
12
Let b = 4 + -4. Suppose b = -2*r + 5*r. Let g be (-6)/(r - -1 - 2). Calculate the highest common factor of 3 and g.
3
Suppose -1623 = -6*x - 231. Let u = -6 + 35. What is the highest common factor of x and u?
29
Let r = 338 + -111. Suppose -3 = 4*i - r. What is the highest common divisor of i and 7?
7
Let f(i) = -8*i + 5. Let h be f(-4). Let c = 75 - h. Suppose -2*m + c = 6. Calculate the highest common divisor of m and 16.
16
Let o be -1 + 15/9*3. Let t be 2 - (-11 + 2) - -1. Suppose -3*y - t = -o*y. Calculate the greatest common factor of y and 3.
3
Let m(q) = -q**2 - 4*q + 1. Let j be m(-3). Suppose -2*y - j*w = -72, -3*y + 2*w + 204 = 2*y. Calculate the greatest common factor of 16 and y.
8
Suppose 0 = 2*p - 0*p - 5*h - 8, 3*h = -3*p + 12. Suppose 8*i - 176 = p*i. Calculate the highest common divisor of 11 and i.
11
Let h(z) = -z + 10. Let j be h(0). Let a(w) be the first derivative of 5*w**2/2 + 2. Let u be a(2). Calculate the greatest common divisor of j and u.
10
Let t be (-2)/(-4)*(8 + 2). Let i = -18 + 38. Suppose t*y + r - i = 0, -5*y + 24 + 6 = -r. Calculate the greatest common factor of y and 5.
5
Let u be 2/(-21)*-3 - 166/(-7). Calculate the greatest common divisor of 24 and u.
24
Let k be 4/(-10) - (-204)/(-15). Let h = k + 25. Calculate the highest common divisor of h and 44.
11
Let g be (-3)/(3/(-8)) - -2. Let t(q) be the second derivative of -q**5/20 + q**3/2